ainder when 188 is divided by 38?
36
Calculate the remainder when 553 is divided by 33.
25
What is the remainder when 1213 is divided by 42?
37
Calculate the remainder when 10140 is divided by 69.
66
Calculate the remainder when 220 is divided by 37.
35
What is the remainder when 360 is divided by 36?
0
What is the remainder when 572 is divided by 54?
32
Calculate the remainder when 297 is divided by 30.
27
What is the remainder when 746 is divided by 62?
2
Calculate the remainder when 44 is divided by 26.
18
What is the remainder when 1644 is divided by 110?
104
What is the remainder when 585 is divided by 171?
72
What is the remainder when 97 is divided by 21?
13
Calculate the remainder when 239 is divided by 22.
19
What is the remainder when 88 is divided by 27?
7
Calculate the remainder when 4300 is divided by 269.
265
What is the remainder when 365 is divided by 61?
60
Calculate the remainder when 27 is divided by 7.
6
What is the remainder when 5828 is divided by 1940?
8
Calculate the remainder when 91 is divided by 69.
22
Calculate the remainder when 89 is divided by 31.
27
What is the remainder when 722 is divided by 33?
29
What is the remainder when 579 is divided by 30?
9
What is the remainder when 38 is divided by 13?
12
What is the remainder when 415 is divided by 26?
25
What is the remainder when 113 is divided by 15?
8
What is the remainder when 154 is divided by 14?
0
Calculate the remainder when 495 is divided by 129.
108
What is the remainder when 41676 is divided by 9?
6
What is the remainder when 59917 is divided by 16?
13
Calculate the remainder when 152 is divided by 44.
20
What is the remainder when 7199 is divided by 30?
29
What is the remainder when 8413 is divided by 187?
185
Calculate the remainder when 2612 is divided by 869.
5
Calculate the remainder when 888 is divided by 11.
8
What is the remainder when 80 is divided by 34?
12
Calculate the remainder when 148 is divided by 77.
71
What is the remainder when 204 is divided by 41?
40
What is the remainder when 5657 is divided by 48?
41
What is the remainder when 6524 is divided by 26?
24
Calculate the remainder when 115 is divided by 39.
37
What is the remainder when 321 is divided by 18?
15
What is the remainder when 4659 is divided by 18?
15
Calculate the remainder when 636 is divided by 80.
76
What is the remainder when 287 is divided by 32?
31
What is the remainder when 7957 is divided by 21?
19
What is the remainder when 293 is divided by 23?
17
What is the remainder when 1617 is divided by 135?
132
What is the remainder when 90 is divided by 6?
0
What is the remainder when 338 is divided by 37?
5
What is the remainder when 246 is divided by 13?
12
What is the remainder when 30 is divided by 13?
4
What is the remainder when 197 is divided by 36?
17
Calculate the remainder when 141 is divided by 39.
24
Calculate the remainder when 4289 is divided by 74.
71
What is the remainder when 388 is divided by 14?
10
What is the remainder when 297 is divided by 15?
12
Calculate the remainder when 1195 is divided by 48.
43
Calculate the remainder when 677 is divided by 121.
72
Calculate the remainder when 715 is divided by 109.
61
What is the remainder when 88 is divided by 16?
8
What is the remainder when 3439 is divided by 77?
51
What is the remainder when 65 is divided by 8?
1
What is the remainder when 15985 is divided by 219?
217
What is the remainder when 4014 is divided by 13?
10
What is the remainder when 1644 is divided by 108?
24
Calculate the remainder when 1836 is divided by 1834.
2
What is the remainder when 417 is divided by 60?
57
What is the remainder when 1719 is divided by 101?
2
What is the remainder when 201 is divided by 66?
3
What is the remainder when 356 is divided by 15?
11
Calculate the remainder when 1922 is divided by 37.
35
What is the remainder when 505 is divided by 202?
101
What is the remainder when 601 is divided by 22?
7
What is the remainder when 141 is divided by 10?
1
What is the remainder when 2022 is divided by 15?
12
Calculate the remainder when 1695 is divided by 53.
52
What is the remainder when 44 is divided by 16?
12
Calculate the remainder when 3703 is divided by 34.
31
Calculate the remainder when 165 is divided by 42.
39
Calculate the remainder when 1366 is divided by 76.
74
What is the remainder when 218 is divided by 55?
53
Calculate the remainder when 4741 is divided by 1577.
10
What is the remainder when 80 is divided by 16?
0
What is the remainder when 443 is divided by 9?
2
What is the remainder when 530 is divided by 59?
58
Calculate the remainder when 2627 is divided by 29.
17
What is the remainder when 679 is divided by 60?
19
What is the remainder when 1359 is divided by 80?
79
What is the remainder when 137 is divided by 71?
66
Calculate the remainder when 490 is divided by 68.
14
Calculate the remainder when 204 is divided by 59.
27
What is the remainder when 3778 is divided by 60?
58
What is the remainder when 1555 is divided by 514?
13
Calculate the remainder when 3023 is divided by 8.
7
What is the remainder when 302 is divided by 16?
14
What is the remainder when 169 is divided by 28?
1
What is the remainder when 550 is divided by 46?
44
Calculate the remainder when 354 is divided by 89.
87
Calculate the remainder when 503 is divided by 66.
41
Calculate the remainder when 243 is divided by 101.
41
Calculate the remainder when 194 is divided by 40.
34
Calculate the remainder when 1927 is divided by 47.
0
Calculate the remainder when 252 is divided by 8.
4
Calculate the remainder when 1973 is divided by 7.
6
Calculate the remainder when 2978 is divided by 20.
18
What is the remainder when 265 is divided by 15?
10
What is the remainder when 104 is divided by 4?
0
What is the remainder when 303 is divided by 122?
59
Calculate the remainder when 1536 is divided by 81.
78
What is the remainder when 82 is divided by 54?
28
Calculate the remainder when 415 is divided by 87.
67
Calculate the remainder when 173 is divided by 31.
18
What is the remainder when 57 is divided by 47?
10
Calculate the remainder when 1295 is divided by 17.
3
What is the remainder when 212 is divided by 18?
14
What is the remainder when 315 is divided by 82?
69
Calculate the remainder when 39 is divided by 9.
3
Calculate the remainder when 867 is divided by 174.
171
Calculate the remainder when 100 is divided by 52.
48
Calculate the remainder when 993 is divided by 41.
9
What is the remainder when 287 is divided by 29?
26
What is the remainder when 159 is divided by 40?
39
Calculate the remainder when 353 is divided by 30.
23
Calculate the remainder when 277 is divided by 205.
72
What is the remainder when 57 is divided by 14?
1
Calculate the remainder when 333 is divided by 41.
5
What is the remainder when 811 is divided by 28?
27
What is the remainder when 306 is divided by 99?
9
Calculate the remainder when 247 is divided by 36.
31
What is the remainder when 31 is divided by 23?
8
Calculate the remainder when 56 is divided by 10.
6
What is the remainder when 92 is divided by 36?
20
What is the remainder when 429 is divided by 127?
48
What is the remainder when 380 is divided by 158?
64
Calculate the remainder when 122 is divided by 33.
23
What is the remainder when 268 is divided by 18?
16
What is the remainder when 109 is divided by 61?
48
Calculate the remainder when 63 is divided by 6.
3
What is the remainder when 481 is divided by 99?
85
What is the remainder when 84 is divided by 53?
31
Calculate the remainder when 1020 is divided by 35.
5
Calculate the remainder when 132 is divided by 92.
40
Calculate the remainder when 25 is divided by 19.
6
What is the remainder when 176 is divided by 14?
8
Calculate the remainder when 129 is divided by 62.
5
What is the remainder when 1219 is divided by 16?
3
What is the remainder when 841 is divided by 122?
109
Calculate the remainder when 1843 is divided by 19.
0
Calculate the remainder when 45367 is divided by 106.
105
Calculate the remainder when 45784 is divided by 217.
214
Calculate the remainder when 512 is divided by 39.
5
What is the remainder when 345 is divided by 35?
30
Calculate the remainder when 4428 is divided by 211.
208
What is the remainder when 79 is divided by 40?
39
What is